{"id":224,"date":"2022-08-24T15:37:31","date_gmt":"2022-08-24T15:37:31","guid":{"rendered":"https:\/\/wirsindgeocaching.de\/?page_id=224"},"modified":"2022-08-24T15:37:31","modified_gmt":"2022-08-24T15:37:31","slug":"community","status":"publish","type":"page","link":"https:\/\/wirsindgeocaching.de\/?page_id=224","title":{"rendered":"Community"},"content":{"rendered":"\n<p>Uns liegt die Geocaching-Community sehr am Herzen. <br>Was wir machen, ist f\u00fcr die Community! <br>Unser Ziel ist es, in ganz Deutschland und gern auch Europa oder gar der Welt tolle Geocaches zu platzieren, die allen lokalen, regionalen und zugereisten Cachern Spa\u00df machen. <\/p>\n\n\n\n<p>Daf\u00fcr finden wir Kunden, die uns diese Caches finanzieren und uns beispielsweise Platzierungen erm\u00f6glichen, die sonst so nicht m\u00f6glich gewesen w\u00e4ren. B\u00fcrokratie ist manchmal eben einfacher zu bew\u00e4ltigen, wenn der Landkreis selbst dahinter steht und die Umsetzung fordert, oder ein Cache auf Firmengel\u00e4nde ist dann meist eher erlaubt, wenn das Unternehmen selbst ihn in Auftrag gegeben hat.<\/p>\n\n\n\n<div style=\"height:40px\" aria-hidden=\"true\" class=\"wp-block-spacer\"><\/div>\n\n\n\n<p>Damit m\u00f6glichst viele Geocacher von unserem Einsatz profitieren, nehmen wir gern Vorschl\u00e4ge an. Sei es f\u00fcr neue Regionen, Kunden oder Cache-Arten. Wir unterst\u00fctzen euch auch gerne mit Rat und Tat, fragt uns einfach an und wir sehen was wir machen k\u00f6nnen.<\/p>\n\n\n\n<div style=\"height:40px\" aria-hidden=\"true\" class=\"wp-block-spacer\"><\/div>\n\n\n\n<p>Als einziges Geocaching-Unternehmen sind wir auch mitunter der gr\u00f6\u00dfte Kunde von Groundspeak. Das bedeutet, wir k\u00f6nnen uns auch ab und an mal f\u00fcr Dinge einsetzen. Zum Beispiel unterst\u00fctzen wir aktuell die Kampagne f\u00fcr ein neues &#8222;Geh\u00f6rlosen-Icon&#8220; intensiv.<\/p>\n\n\n\n<p><\/p>\n","protected":false},"excerpt":{"rendered":"<p>Uns liegt die Geocaching-Community sehr am Herzen. Was wir machen, ist f\u00fcr die Community! Unser Ziel ist es, in ganz Deutschland und gern auch&#8230;<\/p>\n","protected":false},"author":2,"featured_media":0,"parent":0,"menu_order":0,"comment_status":"closed","ping_status":"closed","template":"","meta":{"footnotes":""},"class_list":["post-224","page","type-page","status-publish","hentry"],"_links":{"self":[{"href":"https:\/\/wirsindgeocaching.de\/index.php?rest_route=\/wp\/v2\/pages\/224","targetHints":{"allow":["GET"]}}],"collection":[{"href":"https:\/\/wirsindgeocaching.de\/index.php?rest_route=\/wp\/v2\/pages"}],"about":[{"href":"https:\/\/wirsindgeocaching.de\/index.php?rest_route=\/wp\/v2\/types\/page"}],"author":[{"embeddable":true,"href":"https:\/\/wirsindgeocaching.de\/index.php?rest_route=\/wp\/v2\/users\/2"}],"replies":[{"embeddable":true,"href":"https:\/\/wirsindgeocaching.de\/index.php?rest_route=%2Fwp%2Fv2%2Fcomments&post=224"}],"version-history":[{"count":1,"href":"https:\/\/wirsindgeocaching.de\/index.php?rest_route=\/wp\/v2\/pages\/224\/revisions"}],"predecessor-version":[{"id":225,"href":"https:\/\/wirsindgeocaching.de\/index.php?rest_route=\/wp\/v2\/pages\/224\/revisions\/225"}],"wp:attachment":[{"href":"https:\/\/wirsindgeocaching.de\/index.php?rest_route=%2Fwp%2Fv2%2Fmedia&parent=224"}],"curies":[{"name":"wp","href":"https:\/\/api.w.org\/{rel}","templated":true}]}}